 + g + 5*z - 3622 = 0. Is g composite?
False
Let o(q) = q + 21. Let b be o(-17). Is (-30662)/(-8) - 0 - (-1)/b a prime number?
True
Let q = 17484 - 10619. Is q composite?
True
Let m be 9/(81/6)*15. Let f(c) = c**3 + 2*c**2 - 4*c + 9. Is f(m) a composite number?
True
Let u be (9/(-7) - 4/(-14))*5. Is 374*((-15)/6)/u a prime number?
False
Let n be (-9)/(-15) + 3397/5. Let a = n + -357. Is a prime?
False
Let z = -8 + 18. Let f = z + -8. Is 123 + -2 + (-1 - f) a composite number?
True
Suppose -49 = 7*x + 21. Let p(t) = t**2 + 15. Is p(x) a prime number?
False
Let x = -448 - -806. Suppose -6*z + 4*z = -x. Suppose z = 5*g - 3*h, 5*g + 5*h = g + 158. Is g composite?
False
Suppose 22 = 4*y - 0*x + x, -4*x = -8. Suppose -4*v + 1365 = -2*v + 5*u, -2*v + y*u + 1415 = 0. Is v a prime number?
False
Is ((-18)/(-15) + -1)*(59309 - -6) a prime number?
True
Let b be (-47)/(-4) - 3/4. Let f be (-3 - b/(-3))*3. Suppose f*o + o - 174 = 0. Is o prime?
False
Is 10 - (7 - (2334 - 4)) a composite number?
False
Let x = -99 + 59. Let h = 363 + x. Is h composite?
True
Let q be ((-24)/36)/(-1 + (-7)/(-9)). Suppose -389 = -4*b - p, q*p + 0 = 3. Is b a composite number?
False
Suppose 4*w - 1534 = h + 2*w, -3*h + w = 4617. Suppose 0 = -3*c - m + 1482 - 4756, 5*m + 2161 = -2*c. Let u = c - h. Is u a composite number?
True
Suppose -5*k + j = -65461, -4*k + 39259 = -k - 5*j. Is k a prime number?
True
Is ((-34)/6)/(28/(-58884)) composite?
True
Suppose 9*p + 2072 - 10649 = 0. Is p a prime number?
True
Let m = 6142 - 2547. Is m a prime number?
False
Suppose -p + 15523 = -s, -7*p = -6*p + s - 15531. Is p a prime number?
True
Let z(x) = -x - 4*x**2 + 6*x**2 - 4*x**2 + 3*x**2 - 7. Suppose 33 = -2*o - 3*o - 2*q, 5*o = 3*q - 13. Is z(o) composite?
False
Suppose 29*t + 12590 = 31*t. Suppose 0 = 111*m - 106*m - t. Is m a composite number?
False
Let x(z) = 2*z**2 + 3*z. Let v be x(3). Suppose -2*l + 107 = v. Let g = 75 - l. Is g prime?
False
Let j = 611 - 396. Let o = -25 + 91. Let q = j - o. Is q prime?
True
Let w be (2 + -3)*0/2. Let i(f) = 22*f - 22*f + 23 + 62 - f**2. Is i(w) a prime number?
False
Let k(y) = 5*y - y - 5*y + 3*y + 3 - 41*y**2. Let p be k(-2). Is 1/(327/p + 2) a composite number?
True
Is 1 - (0 + 4 + -8044 + 2) a prime number?
True
Suppose -k = -0*k. Suppose -5*q + 2*t - 6 = k, 0 = -q - 0*q - 3*t + 9. Suppose -3*c + 264 = 2*n + n, q = -n + 3. Is c prime?
False
Suppose 0 = -4*w - 3*b + 39, -3*b + 4*b = -5*w + 35. Suppose w*m - 7*m = -79. Is m prime?
True
Let u(z) = z**3 + 5*z**2 - 6*z - 3. Let i be u(-6). Let f be ((-3)/i)/(1/3). Suppose 5*h = 3*k - 177, -2*h + 118 = f*k - k. Is k composite?
False
Suppose 3*s + 5*p = -17 + 46, s - 4*p + 13 = 0. Suppose 3*l = -l + r - 2178, -1100 = 2*l + 5*r. Is l/2*(1 - s) a prime number?
False
Let c = 46 + -41. Suppose h + 6446 - 1137 = c*n, -h - 2126 = -2*n. Is n a composite number?
False
Let f = -234 - 74. Let x = f - -625. Is x prime?
True
Suppose 21333 - 78798 = -5*j + 5*o, 4*j - 45974 = 2*o. Is ((-2 - -1)/(-2))/(7/j) a composite number?
False
Suppose 0 = 3*c + 4*z + 20, 3*c + 4*z = -z - 22. Is (4024/12 - -1)/(c/(-12)) prime?
True
Let j(h) = 6*h**3 + 6*h**2 + 2*h + 19. Is j(6) a prime number?
True
Let o(i) = 192*i + 1. Let t be 8/6*15/20. Let f be o(t). Let q = f + 10. Is q a composite number?
True
Suppose -6*h + 32 = -h - 3*l, -3*h = -2*l - 20. Suppose h*d - 448 - 1020 = 0. Is d prime?
True
Let k(m) = 3906*m**2 - 24*m + 59. Is k(4) prime?
True
Let x = 1814 + -1152. Is x a composite number?
True
Is (7 + -2 - -13114)/3 a prime number?
True
Let y be 6*35/14*4/15. Is -286*(0 - 2)/y composite?
True
Let s = -9 + 17. Suppose -s*y - 60 = -3*y. Let h = 51 + y. Is h a prime number?
False
Suppose -20 = 5*n, -3*b = -n + 86 - 6033. Is b a composite number?
True
Let q = -50 - -50. Let x(k) be the third derivative of -k**4/12 + 449*k**3/6 - 2*k**2. Is x(q) prime?
True
Suppose 0 = -3*y + y + 4. Let u be y*(1 + 273/6). Suppose -652 = -5*x + u. Is x prime?
True
Let m(i) be the first derivative of -19*i**4/2 + i**2 + i + 2. Let c be m(-1). Let j = 0 + c. Is j prime?
True
Let a(k) = -2*k**2 - 26*k + 4. Let z be a(-13). Suppose 5*f - 4*f = y + 498, z*f - 3*y = 1995. Is f a prime number?
False
Let a = 371 + 426. Is a prime?
True
Let t(l) = 2*l - 11*l**3 + l**2 - 5 + 9*l**2 - 2*l**2 - 5. Is t(-5) a prime number?
False
Suppose 3*l + 4*h = -l + 20, 4*l + 7 = 5*h. Suppose 20 = 5*x - 4*s, -l*s - 10 = -0. Is 69 - x/(2 + 2) a prime number?
False
Let y(t) = 73*t**2 + 2*t - 1. Suppose -16 = 13*b - 42. Is y(b) prime?
False
Suppose 25*x - 8285 = 20*x. Is x a composite number?
False
Let y be (-2)/5*(-1 - 4). Let p(o) = -4*o**3 + 11*o**2 - 5*o + 10. Let b be p(7). Is b/(-10) + y/10 a prime number?
False
Let l = 35 - 5. Is ((-1145)/10)/((-3)/l) prime?
False
Let b(n) be the second derivative of n**4/3 - 7*n**3/6 - 3*n**2 + 13*n. Is b(-4) composite?
True
Suppose 12*o - 3110 = 23806. Is o composite?
False
Let u(c) = -c - 1. Let t(m) = m**3 - 13*m**2 - 11*m - 26. Let b(y) = -t(y) - 3*u(y). Is b(13) a composite number?
False
Let l be 2 + 30/(3/(-1)). Let o(f) = f**3 + 9*f**2 + 9*f + 8. Let d be o(l). Let w(g) = -g + 53. Is w(d) a prime number?
True
Let t = -6139 - -10222. Is t prime?
False
Is 55186/(-328)*8/(-2) composite?
False
Suppose -2*q - 3*c = -3, -5*q + 0*c + 3 = 3*c. Suppose q = -3*j - 331 + 25. Let h = j + 161. Is h prime?
True
Let c(b) = 8104*b**2 + b + 2. Is c(-1) a composite number?
True
Suppose 2*f = -0*f - 14. Let a = 18 + f. Is a a composite number?
False
Let a(v) = 378*v - 42 - 25 - 398*v. Is a(-6) a prime number?
True
Suppose -7*j - 3786 = -3*c - 4*j, 2*j + 5042 = 4*c. Is c a composite number?
False
Let y(p) = 19*p**2 - 13*p + 5. Is y(-7) prime?
False
Let f = -351 + 340. Let o(t) be the first derivative of -12*t**2 + 3*t + 2. Is o(f) prime?
False
Let q(i) = i**2 - 11*i - 6. Let m be q(12). Let u(d) = d**2 - 4*d + 12. Let o be u(m). Let r = 7 + o. Is r a composite number?
False
Let n(i) = -6*i - 11. Suppose 2*v = 4*u + 22, v - 8 - 3 = -5*u. Let d be n(v). Let t = -40 - d. Is t prime?
True
Suppose 5*t - 25 = 0, -3*t = 3*b - 6*b + 5526. Is b a composite number?
False
Let d(b) = -b**3 + 6*b**2 - 4*b. Let f be d(5). Suppose 3*c - 1297 = -f*z, -5*c + 26 = z - 251. Suppose -4*r + 1731 = -z. Is r composite?
True
Let s be (-4 + -1640)*(-1)/2. Let k = s + 695. Is k prime?
False
Suppose -2*l = 3*q - 0*q - 829, -4*l + 1685 = -3*q. Let g = l + -34. Suppose -2*n + 7*n = g. Is n prime?
False
Let l(y) = 21*y**2 + 5*y - 5. Let v be l(4). Suppose 957 = -2*b - v. Let h = -243 - b. Is h prime?
False
Let f(b) = -2*b**2 - 3*b - 7. Let q be f(-7). Let v = q + 463. Is v composite?
False
Let f = 7068 - 1559. Is f prime?
False
Let s = -750 - -1633. Let v be 3146/(-5) + 7/35. Let z = s + v. Is z prime?
False
Let x = 63416 - 42807. Is x composite?
True
Is ((-3246)/(-4))/(60/40) prime?
True
Let i(v) = 12*v**2 - 5. Let q(l) = -13*l**2 + l + 5. Let t(c) = 4*i(c) + 3*q(c). Let r(o) = o - 1. Let y be r(-3). Is t(y) composite?
False
Let f = -33 + 37. Suppose -5*x + 2509 = 2*b, -3*b - 354 = -2*x + 661. Suppose -5 = -f*y + x. Is y a prime number?
True
Let y(p) = p**2 + p + 1. Let x be y(-2). Let g be (-220)/(-35) - 2 - 4/14. Suppose -4*n = g*c - x*n - 230, -2*c - 3*n = -110. Is c composite?
True
Let c(b) be the first derivative of b**6/120 - b**5/60 - 5*b**4/24 - 8*b**3/3 - 2. Let a(u) be the third derivative of c(u). Is a(-6) a composite number?
True
Suppose o + 2707 = 2*f - 215, o = -3*f + 4393. Let i = f + -144. Is i prime?
True
Let l(d) = -d**3 - 6*d**2 - 6*d - 1. Let a = 28 + -33. Let y be l(a). Suppose 0 = -y*k - 2*j + 158, -4*k + 153 = -j + 2*j. Is k a prime number?
True
Suppose -4*i - 13000 = -4*c, 2*c - 5*i - 3246 = c. Is c a prime number?
True
Suppose 5*t - 2*x - 434 = 3741, 0 = 2*t + 4*x - 1670. Is t composite?
True
Suppose -4*b + b - f + 11 = 0, 5*b - 2*f - 22 = 0. Suppose 6*m = b*m + 890. Is m prime?
False
Suppose -3 + 19 = 2*z. Let u(t) be the second derivative of 3*t**3/2 + t**2 + 10*t. Is u(z) composite?
True
Is (2 - -700) + (4 - 3) composite?
True
Let h be (-34)/((-3 + 9)/(-3)). Suppose -4*j + h = d, 3*d - 5*j - 116 = -4*j. Is d prime?
True
Suppose 2*c + 4*j = -0*c - 16, 0 = 2*c - 3*j - 19. Suppose 2*n - c*v - 117 + 405 = 0, 4*n = -v - 551. Let w = -70 - n. Is w compo